{"id":257,"date":"2021-07-22T18:22:25","date_gmt":"2021-07-22T18:22:25","guid":{"rendered":"https:\/\/demo.athemes.com\/botiga\/?page_id=257"},"modified":"2023-02-01T10:19:48","modified_gmt":"2023-02-01T07:19:48","slug":"iletisim","status":"publish","type":"page","link":"https:\/\/www.nou.yakayazilim.com.tr\/index.php\/iletisim\/","title":{"rendered":"\u0130leti\u015fim"},"content":{"rendered":"\n<iframe loading=\"lazy\" src=\"https:\/\/www.google.com\/maps\/embed?pb=!1m18!1m12!1m3!1d24093.766565114773!2d29.019238114950454!3d40.987593700000005!2m3!1f0!2f0!3f0!3m2!1i1024!2i768!4f13.1!3m3!1m2!1s0x14cab98253b7946f%3A0xb8e30e0b6b11818f!2sNumune%20Optik!5e0!3m2!1str!2str!4v1670405416946!5m2!1str!2str\" width=\"100%\" height=\"450\" allowfullscreen=\"\"><\/iframe>\n\n\n\n<div style=\"height:30px\" aria-hidden=\"true\" class=\"wp-block-spacer\"><\/div>\n\n\n\n<div class=\"wp-block-columns is-layout-flex wp-container-4\">\n<div class=\"wp-block-column is-layout-flow\" style=\"flex-basis:60%\">\n<h3 class=\"wp-block-heading\">Bize Mesaj B\u0131rak\u0131n<\/h3>\n\n\n\n<div style=\"height:15px\" aria-hidden=\"true\" class=\"wp-block-spacer\"><\/div>\n\n\n<div class=\"wpforms-container wpforms-container-full wpforms-block\" id=\"wpforms-388\"><form id=\"wpforms-form-388\" class=\"wpforms-validate wpforms-form wpforms-ajax-form\" data-formid=\"388\" method=\"post\" enctype=\"multipart\/form-data\" action=\"\/index.php\/wp-json\/wp\/v2\/pages\/257\" data-token=\"887f633d5d4e24d45263c5d712bdf6d6\"><noscript class=\"wpforms-error-noscript\">Bu formu bitirebilmek i\u00e7in taray\u0131c\u0131n\u0131zda JavaScript&#039;i etkinle\u015ftirin.<\/noscript><div class=\"wpforms-field-container\"><div id=\"wpforms-388-field_0-container\" class=\"wpforms-field wpforms-field-name wpforms-one-half wpforms-first\" data-field-id=\"0\"><label class=\"wpforms-field-label\" for=\"wpforms-388-field_0\">Ad\/Soyad <span class=\"wpforms-required-label\">*<\/span><\/label><input type=\"text\" id=\"wpforms-388-field_0\" class=\"wpforms-field-large wpforms-field-required\" name=\"wpforms[fields][0]\" required><\/div><div id=\"wpforms-388-field_1-container\" class=\"wpforms-field wpforms-field-email wpforms-one-half\" data-field-id=\"1\"><label class=\"wpforms-field-label\" for=\"wpforms-388-field_1\">E-Posta <span class=\"wpforms-required-label\">*<\/span><\/label><input type=\"email\" id=\"wpforms-388-field_1\" class=\"wpforms-field-large wpforms-field-required\" name=\"wpforms[fields][1]\" spellcheck=\"false\" required><\/div><div id=\"wpforms-388-field_5-container\" class=\"wpforms-field wpforms-field-number\" data-field-id=\"5\"><label class=\"wpforms-field-label\" for=\"wpforms-388-field_5\">Cep Telefonu <span class=\"wpforms-required-label\">*<\/span><\/label><input type=\"number\" pattern=\"\\d*\" id=\"wpforms-388-field_5\" class=\"wpforms-field-large wpforms-field-required\" name=\"wpforms[fields][5]\" required><\/div><div id=\"wpforms-388-field_2-container\" class=\"wpforms-field wpforms-field-textarea\" data-field-id=\"2\"><label class=\"wpforms-field-label\" for=\"wpforms-388-field_2\">Mesaj <span class=\"wpforms-required-label\">*<\/span><\/label><textarea id=\"wpforms-388-field_2\" class=\"wpforms-field-large wpforms-field-required\" name=\"wpforms[fields][2]\" required><\/textarea><\/div><\/div><!-- .wpforms-field-container --><div class=\"wpforms-submit-container\" ><input type=\"hidden\" name=\"wpforms[id]\" value=\"388\"><input type=\"hidden\" name=\"wpforms[author]\" value=\"1\"><button type=\"submit\" name=\"wpforms[submit]\" id=\"wpforms-submit-388\" class=\"wpforms-submit\" data-alt-text=\"G\u00f6nderiliyor...\" data-submit-text=\"G\u00f6nder\" aria-live=\"assertive\" value=\"wpforms-submit\">G\u00f6nder<\/button><img src=\"https:\/\/www.nou.yakayazilim.com.tr\/wp-content\/plugins\/wpforms-lite\/assets\/images\/submit-spin.svg\" class=\"wpforms-submit-spinner\" style=\"display: none;\" width=\"26\" height=\"26\" alt=\"Y\u00fckleniyor\"><\/div><\/form><\/div>  <!-- .wpforms-container --><\/div>\n\n\n\n<div class=\"wp-block-column is-layout-flow\" style=\"flex-basis:5%\"><\/div>\n\n\n\n<div class=\"wp-block-column is-layout-flow\" style=\"flex-basis:35%\">\n<h3 class=\"wp-block-heading\">Ma\u011fazalar\u0131m\u0131z<\/h3>\n\n\n\n<div style=\"height:15px\" aria-hidden=\"true\" class=\"wp-block-spacer\"><\/div>\n\n\n\n<p><strong>G\u00d6ZTEPE \u015eUBES\u0130<\/strong><\/p>\n\n\n\n<figure class=\"wp-block-image size-large\"><img decoding=\"async\" loading=\"lazy\" width=\"768\" height=\"1024\" src=\"https:\/\/www.nou.yakayazilim.com.tr\/wp-content\/uploads\/2023\/01\/thumbnail_IMG_2236-3-768x1024.jpg\" alt=\"\" class=\"wp-image-1548\" srcset=\"https:\/\/www.nou.yakayazilim.com.tr\/wp-content\/uploads\/2023\/01\/thumbnail_IMG_2236-3-768x1024.jpg 768w, https:\/\/www.nou.yakayazilim.com.tr\/wp-content\/uploads\/2023\/01\/thumbnail_IMG_2236-3-225x300.jpg 225w, https:\/\/www.nou.yakayazilim.com.tr\/wp-content\/uploads\/2023\/01\/thumbnail_IMG_2236-3-920x1227.jpg 920w, https:\/\/www.nou.yakayazilim.com.tr\/wp-content\/uploads\/2023\/01\/thumbnail_IMG_2236-3-575x767.jpg 575w, https:\/\/www.nou.yakayazilim.com.tr\/wp-content\/uploads\/2023\/01\/thumbnail_IMG_2236-3-380x507.jpg 380w, https:\/\/www.nou.yakayazilim.com.tr\/wp-content\/uploads\/2023\/01\/thumbnail_IMG_2236-3-800x1067.jpg 800w, https:\/\/www.nou.yakayazilim.com.tr\/wp-content\/uploads\/2023\/01\/thumbnail_IMG_2236-3.jpg 960w\" sizes=\"(max-width: 768px) 100vw, 768px\" \/><figcaption class=\"wp-element-caption\"><strong><em><mark class=\"has-inline-color has-color-0-color\">NUMUNE OPT\u0130K G\u00d6ZTEPE \u015eUBES\u0130<\/mark><\/em><\/strong><\/figcaption><\/figure>\n\n\n\n<p>E\u011fitim Mah. Patikayol Sok. Nur Apt. No:8\/A Kadik\u00f6y\/\u0130stanbul<\/p>\n\n\n\n<p>Telefon: 0553 892 32 88<\/p>\n\n\n\n<p><\/p>\n\n\n\n<p>E-POSTA: numuneoptik@outlook.com<\/p>\n\n\n\n<p><\/p>\n\n\n\n<p><strong>KO\u015eUYOLU \u015eUBES\u0130<\/strong> <\/p>\n\n\n\n<figure class=\"wp-block-image size-large\"><img decoding=\"async\" loading=\"lazy\" width=\"837\" height=\"1024\" src=\"https:\/\/www.nou.yakayazilim.com.tr\/wp-content\/uploads\/2023\/02\/20230131_162719-2-scaled-e1675235817181-837x1024.jpg\" alt=\"\" class=\"wp-image-1556\" srcset=\"https:\/\/www.nou.yakayazilim.com.tr\/wp-content\/uploads\/2023\/02\/20230131_162719-2-scaled-e1675235817181-837x1024.jpg 837w, https:\/\/www.nou.yakayazilim.com.tr\/wp-content\/uploads\/2023\/02\/20230131_162719-2-scaled-e1675235817181-245x300.jpg 245w, https:\/\/www.nou.yakayazilim.com.tr\/wp-content\/uploads\/2023\/02\/20230131_162719-2-scaled-e1675235817181-768x939.jpg 768w, https:\/\/www.nou.yakayazilim.com.tr\/wp-content\/uploads\/2023\/02\/20230131_162719-2-scaled-e1675235817181-1256x1536.jpg 1256w, https:\/\/www.nou.yakayazilim.com.tr\/wp-content\/uploads\/2023\/02\/20230131_162719-2-scaled-e1675235817181-1675x2048.jpg 1675w, https:\/\/www.nou.yakayazilim.com.tr\/wp-content\/uploads\/2023\/02\/20230131_162719-2-scaled-e1675235817181-1140x1394.jpg 1140w, https:\/\/www.nou.yakayazilim.com.tr\/wp-content\/uploads\/2023\/02\/20230131_162719-2-scaled-e1675235817181-920x1125.jpg 920w, https:\/\/www.nou.yakayazilim.com.tr\/wp-content\/uploads\/2023\/02\/20230131_162719-2-scaled-e1675235817181-575x703.jpg 575w, https:\/\/www.nou.yakayazilim.com.tr\/wp-content\/uploads\/2023\/02\/20230131_162719-2-scaled-e1675235817181-380x465.jpg 380w, https:\/\/www.nou.yakayazilim.com.tr\/wp-content\/uploads\/2023\/02\/20230131_162719-2-scaled-e1675235817181-800x978.jpg 800w, https:\/\/www.nou.yakayazilim.com.tr\/wp-content\/uploads\/2023\/02\/20230131_162719-2-scaled-e1675235817181.jpg 1920w\" sizes=\"(max-width: 837px) 100vw, 837px\" \/><\/figure>\n\n\n\n<p><strong><em>NUMUNE OPT\u0130K KO\u015eUYOLU \u015eUBES\u0130<\/em><\/strong><\/p>\n\n\n\n<h2 class=\"wp-block-heading\"><\/h2>\n\n\n\n<p>Ko\u015fuyolu Mah. Dr. Ey\u00fcp Aksoy Cad. Hakk\u0131 Gencer Apt. No:33\/B  Kad\u0131k\u00f6y &#8211; \u0130STANBUL<\/p>\n\n\n\n<p class=\"smallmargin has-small-font-size\">Telefon: 0554 440 62 62<\/p>\n\n\n\n<p class=\"smallmargin has-small-font-size\">E-POSTA: numuneoptik@gmail.com<\/p>\n\n\n\n<div style=\"height:1px\" aria-hidden=\"true\" class=\"wp-block-spacer\"><\/div>\n\n\n\n<h3 class=\"wp-block-heading\">\u00c7al\u0131\u015fma Saatleri<\/h3>\n\n\n\n<div style=\"height:15px\" aria-hidden=\"true\" class=\"wp-block-spacer\"><\/div>\n\n\n\n<p>Pazartesi &#8211; Cumartesi 09:00 &#8211; 19:00<\/p>\n\n\n\n<p><\/p>\n<\/div>\n<\/div>\n","protected":false},"excerpt":{"rendered":"<p>Bize Mesaj B\u0131rak\u0131n Ma\u011fazalar\u0131m\u0131z G\u00d6ZTEPE \u015eUBES\u0130 E\u011fitim Mah. Patikayol Sok. Nur Apt. No:8\/A Kadik\u00f6y\/\u0130stanbul Telefon: 0553 892 32 88 E-POSTA: numuneoptik@outlook.com KO\u015eUYOLU \u015eUBES\u0130 NUMUNE OPT\u0130K KO\u015eUYOLU \u015eUBES\u0130 Ko\u015fuyolu Mah. Dr. [&hellip;]<\/p>\n","protected":false},"author":1,"featured_media":0,"parent":0,"menu_order":0,"comment_status":"closed","ping_status":"closed","template":"","meta":[],"yoast_head":"<!-- This site is optimized with the Yoast SEO plugin v20.4 - https:\/\/yoast.com\/wordpress\/plugins\/seo\/ -->\n<title>\u0130leti\u015fim - Numune Optik<\/title>\n<meta name=\"robots\" content=\"index, follow, max-snippet:-1, max-image-preview:large, max-video-preview:-1\" \/>\n<link rel=\"canonical\" href=\"https:\/\/www.nou.yakayazilim.com.tr\/index.php\/iletisim\/\" \/>\n<meta property=\"og:locale\" content=\"tr_TR\" \/>\n<meta property=\"og:type\" content=\"article\" \/>\n<meta property=\"og:title\" content=\"\u0130leti\u015fim - Numune Optik\" \/>\n<meta property=\"og:description\" content=\"Bize Mesaj B\u0131rak\u0131n Ma\u011fazalar\u0131m\u0131z G\u00d6ZTEPE \u015eUBES\u0130 E\u011fitim Mah. Patikayol Sok. Nur Apt. No:8\/A Kadik\u00f6y\/\u0130stanbul Telefon: 0553 892 32 88 E-POSTA: numuneoptik@outlook.com KO\u015eUYOLU \u015eUBES\u0130 NUMUNE OPT\u0130K KO\u015eUYOLU \u015eUBES\u0130 Ko\u015fuyolu Mah. Dr. [&hellip;]\" \/>\n<meta property=\"og:url\" content=\"https:\/\/www.nou.yakayazilim.com.tr\/index.php\/iletisim\/\" \/>\n<meta property=\"og:site_name\" content=\"Numune Optik\" \/>\n<meta property=\"article:modified_time\" content=\"2023-02-01T07:19:48+00:00\" \/>\n<meta property=\"og:image\" content=\"https:\/\/www.nou.yakayazilim.com.tr\/wp-content\/uploads\/2023\/01\/thumbnail_IMG_2236-3-768x1024.jpg\" \/>\n<meta name=\"twitter:card\" content=\"summary_large_image\" \/>\n<meta name=\"twitter:label1\" content=\"Tahmini okuma s\u00fcresi\" \/>\n\t<meta name=\"twitter:data1\" content=\"1 dakika\" \/>\n<script type=\"application\/ld+json\" class=\"yoast-schema-graph\">{\"@context\":\"https:\/\/schema.org\",\"@graph\":[{\"@type\":\"WebPage\",\"@id\":\"https:\/\/www.nou.yakayazilim.com.tr\/index.php\/iletisim\/\",\"url\":\"https:\/\/www.nou.yakayazilim.com.tr\/index.php\/iletisim\/\",\"name\":\"\u0130leti\u015fim - Numune Optik\",\"isPartOf\":{\"@id\":\"https:\/\/www.nou.yakayazilim.com.tr\/#website\"},\"datePublished\":\"2021-07-22T18:22:25+00:00\",\"dateModified\":\"2023-02-01T07:19:48+00:00\",\"breadcrumb\":{\"@id\":\"https:\/\/www.nou.yakayazilim.com.tr\/index.php\/iletisim\/#breadcrumb\"},\"inLanguage\":\"tr\",\"potentialAction\":[{\"@type\":\"ReadAction\",\"target\":[\"https:\/\/www.nou.yakayazilim.com.tr\/index.php\/iletisim\/\"]}]},{\"@type\":\"BreadcrumbList\",\"@id\":\"https:\/\/www.nou.yakayazilim.com.tr\/index.php\/iletisim\/#breadcrumb\",\"itemListElement\":[{\"@type\":\"ListItem\",\"position\":1,\"name\":\"Anasayfa\",\"item\":\"https:\/\/www.nou.yakayazilim.com.tr\/\"},{\"@type\":\"ListItem\",\"position\":2,\"name\":\"\u0130leti\u015fim\"}]},{\"@type\":\"WebSite\",\"@id\":\"https:\/\/www.nou.yakayazilim.com.tr\/#website\",\"url\":\"https:\/\/www.nou.yakayazilim.com.tr\/\",\"name\":\"Numune Optik\",\"description\":\"G\u00f6zl\u00fckte G\u00fcvenilir Adres\",\"publisher\":{\"@id\":\"https:\/\/www.nou.yakayazilim.com.tr\/#organization\"},\"potentialAction\":[{\"@type\":\"SearchAction\",\"target\":{\"@type\":\"EntryPoint\",\"urlTemplate\":\"https:\/\/www.nou.yakayazilim.com.tr\/?s={search_term_string}\"},\"query-input\":\"required name=search_term_string\"}],\"inLanguage\":\"tr\"},{\"@type\":\"Organization\",\"@id\":\"https:\/\/www.nou.yakayazilim.com.tr\/#organization\",\"name\":\"Numune Optik\",\"url\":\"https:\/\/www.nou.yakayazilim.com.tr\/\",\"logo\":{\"@type\":\"ImageObject\",\"inLanguage\":\"tr\",\"@id\":\"https:\/\/www.nou.yakayazilim.com.tr\/#\/schema\/logo\/image\/\",\"url\":\"https:\/\/www.nou.yakayazilim.com.tr\/wp-content\/uploads\/2022\/10\/numunelogo.jpeg\",\"contentUrl\":\"https:\/\/www.nou.yakayazilim.com.tr\/wp-content\/uploads\/2022\/10\/numunelogo.jpeg\",\"width\":196,\"height\":195,\"caption\":\"Numune Optik\"},\"image\":{\"@id\":\"https:\/\/www.nou.yakayazilim.com.tr\/#\/schema\/logo\/image\/\"}}]}<\/script>\n<!-- \/ Yoast SEO plugin. -->","yoast_head_json":{"title":"\u0130leti\u015fim - Numune Optik","robots":{"index":"index","follow":"follow","max-snippet":"max-snippet:-1","max-image-preview":"max-image-preview:large","max-video-preview":"max-video-preview:-1"},"canonical":"https:\/\/www.nou.yakayazilim.com.tr\/index.php\/iletisim\/","og_locale":"tr_TR","og_type":"article","og_title":"\u0130leti\u015fim - Numune Optik","og_description":"Bize Mesaj B\u0131rak\u0131n Ma\u011fazalar\u0131m\u0131z G\u00d6ZTEPE \u015eUBES\u0130 E\u011fitim Mah. Patikayol Sok. Nur Apt. No:8\/A Kadik\u00f6y\/\u0130stanbul Telefon: 0553 892 32 88 E-POSTA: numuneoptik@outlook.com KO\u015eUYOLU \u015eUBES\u0130 NUMUNE OPT\u0130K KO\u015eUYOLU \u015eUBES\u0130 Ko\u015fuyolu Mah. Dr. [&hellip;]","og_url":"https:\/\/www.nou.yakayazilim.com.tr\/index.php\/iletisim\/","og_site_name":"Numune Optik","article_modified_time":"2023-02-01T07:19:48+00:00","og_image":[{"url":"https:\/\/www.nou.yakayazilim.com.tr\/wp-content\/uploads\/2023\/01\/thumbnail_IMG_2236-3-768x1024.jpg"}],"twitter_card":"summary_large_image","twitter_misc":{"Tahmini okuma s\u00fcresi":"1 dakika"},"schema":{"@context":"https:\/\/schema.org","@graph":[{"@type":"WebPage","@id":"https:\/\/www.nou.yakayazilim.com.tr\/index.php\/iletisim\/","url":"https:\/\/www.nou.yakayazilim.com.tr\/index.php\/iletisim\/","name":"\u0130leti\u015fim - Numune Optik","isPartOf":{"@id":"https:\/\/www.nou.yakayazilim.com.tr\/#website"},"datePublished":"2021-07-22T18:22:25+00:00","dateModified":"2023-02-01T07:19:48+00:00","breadcrumb":{"@id":"https:\/\/www.nou.yakayazilim.com.tr\/index.php\/iletisim\/#breadcrumb"},"inLanguage":"tr","potentialAction":[{"@type":"ReadAction","target":["https:\/\/www.nou.yakayazilim.com.tr\/index.php\/iletisim\/"]}]},{"@type":"BreadcrumbList","@id":"https:\/\/www.nou.yakayazilim.com.tr\/index.php\/iletisim\/#breadcrumb","itemListElement":[{"@type":"ListItem","position":1,"name":"Anasayfa","item":"https:\/\/www.nou.yakayazilim.com.tr\/"},{"@type":"ListItem","position":2,"name":"\u0130leti\u015fim"}]},{"@type":"WebSite","@id":"https:\/\/www.nou.yakayazilim.com.tr\/#website","url":"https:\/\/www.nou.yakayazilim.com.tr\/","name":"Numune Optik","description":"G\u00f6zl\u00fckte G\u00fcvenilir Adres","publisher":{"@id":"https:\/\/www.nou.yakayazilim.com.tr\/#organization"},"potentialAction":[{"@type":"SearchAction","target":{"@type":"EntryPoint","urlTemplate":"https:\/\/www.nou.yakayazilim.com.tr\/?s={search_term_string}"},"query-input":"required name=search_term_string"}],"inLanguage":"tr"},{"@type":"Organization","@id":"https:\/\/www.nou.yakayazilim.com.tr\/#organization","name":"Numune Optik","url":"https:\/\/www.nou.yakayazilim.com.tr\/","logo":{"@type":"ImageObject","inLanguage":"tr","@id":"https:\/\/www.nou.yakayazilim.com.tr\/#\/schema\/logo\/image\/","url":"https:\/\/www.nou.yakayazilim.com.tr\/wp-content\/uploads\/2022\/10\/numunelogo.jpeg","contentUrl":"https:\/\/www.nou.yakayazilim.com.tr\/wp-content\/uploads\/2022\/10\/numunelogo.jpeg","width":196,"height":195,"caption":"Numune Optik"},"image":{"@id":"https:\/\/www.nou.yakayazilim.com.tr\/#\/schema\/logo\/image\/"}}]}},"_links":{"self":[{"href":"https:\/\/www.nou.yakayazilim.com.tr\/index.php\/wp-json\/wp\/v2\/pages\/257"}],"collection":[{"href":"https:\/\/www.nou.yakayazilim.com.tr\/index.php\/wp-json\/wp\/v2\/pages"}],"about":[{"href":"https:\/\/www.nou.yakayazilim.com.tr\/index.php\/wp-json\/wp\/v2\/types\/page"}],"author":[{"embeddable":true,"href":"https:\/\/www.nou.yakayazilim.com.tr\/index.php\/wp-json\/wp\/v2\/users\/1"}],"replies":[{"embeddable":true,"href":"https:\/\/www.nou.yakayazilim.com.tr\/index.php\/wp-json\/wp\/v2\/comments?post=257"}],"version-history":[{"count":0,"href":"https:\/\/www.nou.yakayazilim.com.tr\/index.php\/wp-json\/wp\/v2\/pages\/257\/revisions"}],"wp:attachment":[{"href":"https:\/\/www.nou.yakayazilim.com.tr\/index.php\/wp-json\/wp\/v2\/media?parent=257"}],"curies":[{"name":"wp","href":"https:\/\/api.w.org\/{rel}","templated":true}]}}