{"id":11,"date":"2022-12-07T07:01:26","date_gmt":"2022-12-07T07:01:26","guid":{"rendered":"https:\/\/www.nou.yakayazilim.com.tr\/?page_id=11"},"modified":"2022-12-07T07:07:26","modified_gmt":"2022-12-07T07:07:26","slug":"refund_returns","status":"publish","type":"page","link":"https:\/\/www.nou.yakayazilim.com.tr\/index.php\/refund_returns\/","title":{"rendered":"Geri \u00d6deme ve \u0130ade Politikas\u0131"},"content":{"rendered":"\n<p><strong>Bu \u00f6rnek bir sayfad\u0131r.<\/strong><\/p>\n\n\n\n<h3 class=\"wp-block-heading\">genel bak\u0131\u015f<\/h3>\n\n\n\n<p>Geri \u00f6deme ve iade politikam\u0131z 30 g\u00fcn s\u00fcrer.&nbsp;Sat\u0131n alma i\u015fleminizden bu yana 30 g\u00fcn ge\u00e7tiyse, size tam bir geri \u00f6deme veya de\u011fi\u015fim sunam\u0131yoruz.<\/p>\n\n\n\n<p>\u0130adeye hak kazanabilmeniz i\u00e7in, \u00f6\u011fenizin kullan\u0131lmam\u0131\u015f ve ald\u0131\u011f\u0131n\u0131z durumda olmas\u0131 gerekir.&nbsp;Ayr\u0131ca orijinal ambalaj\u0131nda \u200b\u200bolmal\u0131d\u0131r.<\/p>\n\n\n\n<p>Baz\u0131 mal t\u00fcrleri iade edilmekten muaft\u0131r.&nbsp;G\u0131da, \u00e7i\u00e7ek, gazete, dergi gibi \u00e7abuk bozulan \u00fcr\u00fcnler iade edilemez.&nbsp;Ayr\u0131ca \u00f6zel veya hijyenik \u00fcr\u00fcnler, tehlikeli maddeler veya yan\u0131c\u0131 s\u0131v\u0131lar veya gazlar olan \u00fcr\u00fcnleri de kabul etmiyoruz.<\/p>\n\n\n\n<p>Ek iade edilemeyen \u00f6\u011feler:<\/p>\n\n\n\n<ul>\n<li>Hediye Kartlar\u0131<\/li>\n\n\n\n<li>\u0130ndirilebilir yaz\u0131l\u0131m \u00fcr\u00fcnleri<\/li>\n\n\n\n<li>Baz\u0131 sa\u011fl\u0131k ve ki\u015fisel bak\u0131m \u00fcr\u00fcnleri<\/li>\n<\/ul>\n\n\n\n<p>\u0130adenizi tamamlamak i\u00e7in bir makbuz veya sat\u0131n alma belgesine ihtiyac\u0131m\u0131z var.<\/p>\n\n\n\n<p>L\u00fctfen sat\u0131n ald\u0131\u011f\u0131n\u0131z \u00fcr\u00fcn\u00fc \u00fcreticiye geri g\u00f6ndermeyin.<\/p>\n\n\n\n<p>Yaln\u0131zca k\u0131smi geri \u00f6demelerin verildi\u011fi belirli durumlar vard\u0131r:<\/p>\n\n\n\n<ul>\n<li>Bariz kullan\u0131m belirtileri olan kitap<\/li>\n\n\n\n<li>A\u00e7\u0131lm\u0131\u015f CD, DVD, VHS kaset, yaz\u0131l\u0131m, video oyunu, kaset veya plak.<\/li>\n\n\n\n<li>Orijinal durumunda olmayan herhangi bir \u00f6\u011fe, bizim hatam\u0131zdan kaynaklanmayan nedenlerle hasarl\u0131 veya eksik par\u00e7ad\u0131r.<\/li>\n\n\n\n<li>Teslimattan 30 g\u00fcn sonra iade edilen herhangi bir \u00fcr\u00fcn<\/li>\n<\/ul>\n\n\n\n<h2 class=\"wp-block-heading\">Geri \u00f6demeler<\/h2>\n\n\n\n<p>\u0130adeniz al\u0131n\u0131p incelendikten sonra, iade etti\u011finiz \u00fcr\u00fcn\u00fc ald\u0131\u011f\u0131m\u0131z\u0131 bildirmek i\u00e7in size bir e-posta g\u00f6nderece\u011fiz.&nbsp;Geri \u00f6demenizin onaylan\u0131p reddedildi\u011fini de size bildirece\u011fiz.<\/p>\n\n\n\n<p>Onaylan\u0131rsan\u0131z, geri \u00f6demeniz i\u015fleme koyulacak ve belirli bir g\u00fcn i\u00e7inde kredi kart\u0131n\u0131za veya orijinal \u00f6deme y\u00f6nteminize otomatik olarak bir kredi uygulanacakt\u0131r.<strong>Ge\u00e7 veya eksik geri \u00f6demeler<\/strong><\/p>\n\n\n\n<p>Hen\u00fcz geri \u00f6deme almad\u0131ysan\u0131z, \u00f6nce banka hesab\u0131n\u0131z\u0131 tekrar kontrol edin.<\/p>\n\n\n\n<p>Ard\u0131ndan kredi kart\u0131 \u015firketinizle ileti\u015fime ge\u00e7in, geri \u00f6demenizin resmi olarak yay\u0131nlanmas\u0131 biraz zaman alabilir.<\/p>\n\n\n\n<p>Daha sonra bankan\u0131zla ileti\u015fime ge\u00e7in.&nbsp;Geri \u00f6deme g\u00f6nderilmeden \u00f6nce genellikle biraz i\u015flem s\u00fcresi vard\u0131r.<\/p>\n\n\n\n<p>T\u00fcm bunlar\u0131 yapman\u0131za ra\u011fmen geri \u00f6demenizi hen\u00fcz almad\u0131ysan\u0131z, l\u00fctfen {email address} adresinden bizimle ileti\u015fime ge\u00e7in.<strong>sat\u0131\u015f \u00f6\u011feleri<\/strong><\/p>\n\n\n\n<p>Yaln\u0131zca normal fiyatl\u0131 \u00fcr\u00fcnler iade edilebilir.&nbsp;\u0130ndirimli \u00fcr\u00fcnler iade edilemez.<\/p>\n\n\n\n<h2 class=\"wp-block-heading\">takaslar<\/h2>\n\n\n\n<p>\u00d6\u011feleri yaln\u0131zca kusurlu veya hasarl\u0131ysa de\u011fi\u015ftiririz.&nbsp;Ayn\u0131 \u00fcr\u00fcnle de\u011fi\u015ftirmeniz gerekiyorsa, bize {email address} adresinden bir e-posta g\u00f6nderin ve \u00f6\u011fenizi \u015fu adrese g\u00f6nderin: {fiziksel adres}.<\/p>\n\n\n\n<h2 class=\"wp-block-heading\">Hediyeler<\/h2>\n\n\n\n<p>\u00d6\u011fe sat\u0131n al\u0131nd\u0131\u011f\u0131nda hediye olarak i\u015faretlendiyse ve do\u011frudan size g\u00f6nderildiyse, iadenizin de\u011feri kadar bir hediye kredisi al\u0131rs\u0131n\u0131z.&nbsp;\u0130ade edilen \u00fcr\u00fcn al\u0131nd\u0131\u011f\u0131nda, size bir hediye sertifikas\u0131 g\u00f6nderilecektir.<\/p>\n\n\n\n<p>\u00d6\u011fe, sat\u0131n al\u0131nd\u0131\u011f\u0131nda hediye olarak i\u015faretlenmemi\u015fse veya hediyeyi veren ki\u015fi sipari\u015fi size daha sonra vermek \u00fczere kendisine g\u00f6ndermi\u015fse, hediyeyi verene geri \u00f6deme g\u00f6ndeririz ve hediyeyi veren ki\u015fi iadenizi \u00f6\u011frenir.<\/p>\n\n\n\n<h2 class=\"wp-block-heading\">Nakliye iadeleri<\/h2>\n\n\n\n<p>\u00dcr\u00fcn\u00fcn\u00fcz\u00fc iade etmek i\u00e7in \u00fcr\u00fcn\u00fcn\u00fcz\u00fc \u015fu adrese postalamal\u0131s\u0131n\u0131z: {fiziksel adres}.<\/p>\n\n\n\n<p>\u00d6\u011fenizi iade etmek i\u00e7in kendi nakliye masraflar\u0131n\u0131z\u0131 \u00f6demekten siz sorumlu olacaks\u0131n\u0131z.&nbsp;Nakliye masraflar\u0131 iade edilmez.&nbsp;Bir geri \u00f6deme al\u0131rsan\u0131z, iade nakliye maliyeti geri \u00f6demenizden d\u00fc\u015f\u00fclecektir.<\/p>\n\n\n\n<p>Ya\u015fad\u0131\u011f\u0131n\u0131z yere ba\u011fl\u0131 olarak, de\u011fi\u015ftirdi\u011finiz \u00fcr\u00fcn\u00fcn size ula\u015fma s\u00fcresi de\u011fi\u015fiklik g\u00f6sterebilir.<\/p>\n\n\n\n<p>Daha pahal\u0131 \u00fcr\u00fcnleri iade ediyorsan\u0131z izlenebilir bir nakliye hizmeti kullanmay\u0131 veya nakliye sigortas\u0131 sat\u0131n almay\u0131 d\u00fc\u015f\u00fcnebilirsiniz.&nbsp;\u0130ade etti\u011finiz \u00fcr\u00fcn\u00fc alaca\u011f\u0131m\u0131z\u0131 garanti etmiyoruz.<\/p>\n\n\n\n<h2 class=\"wp-block-heading\">Yard\u0131ma m\u0131 ihtiyac\u0131n\u0131z var?<\/h2>\n\n\n\n<p>Geri \u00f6demeler ve iadelerle ilgili sorular\u0131n\u0131z i\u00e7in {email} adresinden bize ula\u015f\u0131n.<\/p>\n","protected":false},"excerpt":{"rendered":"<p>Bu \u00f6rnek bir sayfad\u0131r. genel bak\u0131\u015f Geri \u00f6deme ve iade politikam\u0131z 30 g\u00fcn s\u00fcrer.&nbsp;Sat\u0131n alma i\u015fleminizden bu yana 30 g\u00fcn ge\u00e7tiyse, size tam bir geri \u00f6deme veya de\u011fi\u015fim sunam\u0131yoruz. \u0130adeye [&hellip;]<\/p>\n","protected":false},"author":1,"featured_media":0,"parent":0,"menu_order":0,"comment_status":"closed","ping_status":"closed","template":"","meta":[],"yoast_head":"<!-- This site is optimized with the Yoast SEO plugin v20.4 - https:\/\/yoast.com\/wordpress\/plugins\/seo\/ -->\n<title>Geri \u00d6deme ve \u0130ade Politikas\u0131 - Numune Optik<\/title>\n<meta name=\"robots\" content=\"index, follow, max-snippet:-1, max-image-preview:large, max-video-preview:-1\" \/>\n<link rel=\"canonical\" href=\"https:\/\/www.nou.yakayazilim.com.tr\/index.php\/refund_returns\/\" \/>\n<meta property=\"og:locale\" content=\"tr_TR\" \/>\n<meta property=\"og:type\" content=\"article\" \/>\n<meta property=\"og:title\" content=\"Geri \u00d6deme ve \u0130ade Politikas\u0131 - Numune Optik\" \/>\n<meta property=\"og:description\" content=\"Bu \u00f6rnek bir sayfad\u0131r. genel bak\u0131\u015f Geri \u00f6deme ve iade politikam\u0131z 30 g\u00fcn s\u00fcrer.&nbsp;Sat\u0131n alma i\u015fleminizden bu yana 30 g\u00fcn ge\u00e7tiyse, size tam bir geri \u00f6deme veya de\u011fi\u015fim sunam\u0131yoruz. \u0130adeye [&hellip;]\" \/>\n<meta property=\"og:url\" content=\"https:\/\/www.nou.yakayazilim.com.tr\/index.php\/refund_returns\/\" \/>\n<meta property=\"og:site_name\" content=\"Numune Optik\" \/>\n<meta property=\"article:modified_time\" content=\"2022-12-07T07:07:26+00:00\" \/>\n<meta name=\"twitter:card\" content=\"summary_large_image\" \/>\n<meta name=\"twitter:label1\" content=\"Tahmini okuma s\u00fcresi\" \/>\n\t<meta name=\"twitter:data1\" content=\"3 dakika\" \/>\n<script type=\"application\/ld+json\" class=\"yoast-schema-graph\">{\"@context\":\"https:\/\/schema.org\",\"@graph\":[{\"@type\":\"WebPage\",\"@id\":\"https:\/\/www.nou.yakayazilim.com.tr\/index.php\/refund_returns\/\",\"url\":\"https:\/\/www.nou.yakayazilim.com.tr\/index.php\/refund_returns\/\",\"name\":\"Geri \u00d6deme ve \u0130ade Politikas\u0131 - Numune Optik\",\"isPartOf\":{\"@id\":\"https:\/\/www.nou.yakayazilim.com.tr\/#website\"},\"datePublished\":\"2022-12-07T07:01:26+00:00\",\"dateModified\":\"2022-12-07T07:07:26+00:00\",\"breadcrumb\":{\"@id\":\"https:\/\/www.nou.yakayazilim.com.tr\/index.php\/refund_returns\/#breadcrumb\"},\"inLanguage\":\"tr\",\"potentialAction\":[{\"@type\":\"ReadAction\",\"target\":[\"https:\/\/www.nou.yakayazilim.com.tr\/index.php\/refund_returns\/\"]}]},{\"@type\":\"BreadcrumbList\",\"@id\":\"https:\/\/www.nou.yakayazilim.com.tr\/index.php\/refund_returns\/#breadcrumb\",\"itemListElement\":[{\"@type\":\"ListItem\",\"position\":1,\"name\":\"Anasayfa\",\"item\":\"https:\/\/www.nou.yakayazilim.com.tr\/\"},{\"@type\":\"ListItem\",\"position\":2,\"name\":\"Geri \u00d6deme ve \u0130ade Politikas\u0131\"}]},{\"@type\":\"WebSite\",\"@id\":\"https:\/\/www.nou.yakayazilim.com.tr\/#website\",\"url\":\"https:\/\/www.nou.yakayazilim.com.tr\/\",\"name\":\"Numune Optik\",\"description\":\"G\u00f6zl\u00fckte G\u00fcvenilir Adres\",\"publisher\":{\"@id\":\"https:\/\/www.nou.yakayazilim.com.tr\/#organization\"},\"potentialAction\":[{\"@type\":\"SearchAction\",\"target\":{\"@type\":\"EntryPoint\",\"urlTemplate\":\"https:\/\/www.nou.yakayazilim.com.tr\/?s={search_term_string}\"},\"query-input\":\"required name=search_term_string\"}],\"inLanguage\":\"tr\"},{\"@type\":\"Organization\",\"@id\":\"https:\/\/www.nou.yakayazilim.com.tr\/#organization\",\"name\":\"Numune Optik\",\"url\":\"https:\/\/www.nou.yakayazilim.com.tr\/\",\"logo\":{\"@type\":\"ImageObject\",\"inLanguage\":\"tr\",\"@id\":\"https:\/\/www.nou.yakayazilim.com.tr\/#\/schema\/logo\/image\/\",\"url\":\"https:\/\/www.nou.yakayazilim.com.tr\/wp-content\/uploads\/2022\/10\/numunelogo.jpeg\",\"contentUrl\":\"https:\/\/www.nou.yakayazilim.com.tr\/wp-content\/uploads\/2022\/10\/numunelogo.jpeg\",\"width\":196,\"height\":195,\"caption\":\"Numune Optik\"},\"image\":{\"@id\":\"https:\/\/www.nou.yakayazilim.com.tr\/#\/schema\/logo\/image\/\"}}]}<\/script>\n<!-- \/ Yoast SEO plugin. -->","yoast_head_json":{"title":"Geri \u00d6deme ve \u0130ade Politikas\u0131 - Numune Optik","robots":{"index":"index","follow":"follow","max-snippet":"max-snippet:-1","max-image-preview":"max-image-preview:large","max-video-preview":"max-video-preview:-1"},"canonical":"https:\/\/www.nou.yakayazilim.com.tr\/index.php\/refund_returns\/","og_locale":"tr_TR","og_type":"article","og_title":"Geri \u00d6deme ve \u0130ade Politikas\u0131 - Numune Optik","og_description":"Bu \u00f6rnek bir sayfad\u0131r. genel bak\u0131\u015f Geri \u00f6deme ve iade politikam\u0131z 30 g\u00fcn s\u00fcrer.&nbsp;Sat\u0131n alma i\u015fleminizden bu yana 30 g\u00fcn ge\u00e7tiyse, size tam bir geri \u00f6deme veya de\u011fi\u015fim sunam\u0131yoruz. \u0130adeye [&hellip;]","og_url":"https:\/\/www.nou.yakayazilim.com.tr\/index.php\/refund_returns\/","og_site_name":"Numune Optik","article_modified_time":"2022-12-07T07:07:26+00:00","twitter_card":"summary_large_image","twitter_misc":{"Tahmini okuma s\u00fcresi":"3 dakika"},"schema":{"@context":"https:\/\/schema.org","@graph":[{"@type":"WebPage","@id":"https:\/\/www.nou.yakayazilim.com.tr\/index.php\/refund_returns\/","url":"https:\/\/www.nou.yakayazilim.com.tr\/index.php\/refund_returns\/","name":"Geri \u00d6deme ve \u0130ade Politikas\u0131 - Numune Optik","isPartOf":{"@id":"https:\/\/www.nou.yakayazilim.com.tr\/#website"},"datePublished":"2022-12-07T07:01:26+00:00","dateModified":"2022-12-07T07:07:26+00:00","breadcrumb":{"@id":"https:\/\/www.nou.yakayazilim.com.tr\/index.php\/refund_returns\/#breadcrumb"},"inLanguage":"tr","potentialAction":[{"@type":"ReadAction","target":["https:\/\/www.nou.yakayazilim.com.tr\/index.php\/refund_returns\/"]}]},{"@type":"BreadcrumbList","@id":"https:\/\/www.nou.yakayazilim.com.tr\/index.php\/refund_returns\/#breadcrumb","itemListElement":[{"@type":"ListItem","position":1,"name":"Anasayfa","item":"https:\/\/www.nou.yakayazilim.com.tr\/"},{"@type":"ListItem","position":2,"name":"Geri \u00d6deme ve \u0130ade Politikas\u0131"}]},{"@type":"WebSite","@id":"https:\/\/www.nou.yakayazilim.com.tr\/#website","url":"https:\/\/www.nou.yakayazilim.com.tr\/","name":"Numune Optik","description":"G\u00f6zl\u00fckte G\u00fcvenilir Adres","publisher":{"@id":"https:\/\/www.nou.yakayazilim.com.tr\/#organization"},"potentialAction":[{"@type":"SearchAction","target":{"@type":"EntryPoint","urlTemplate":"https:\/\/www.nou.yakayazilim.com.tr\/?s={search_term_string}"},"query-input":"required name=search_term_string"}],"inLanguage":"tr"},{"@type":"Organization","@id":"https:\/\/www.nou.yakayazilim.com.tr\/#organization","name":"Numune Optik","url":"https:\/\/www.nou.yakayazilim.com.tr\/","logo":{"@type":"ImageObject","inLanguage":"tr","@id":"https:\/\/www.nou.yakayazilim.com.tr\/#\/schema\/logo\/image\/","url":"https:\/\/www.nou.yakayazilim.com.tr\/wp-content\/uploads\/2022\/10\/numunelogo.jpeg","contentUrl":"https:\/\/www.nou.yakayazilim.com.tr\/wp-content\/uploads\/2022\/10\/numunelogo.jpeg","width":196,"height":195,"caption":"Numune Optik"},"image":{"@id":"https:\/\/www.nou.yakayazilim.com.tr\/#\/schema\/logo\/image\/"}}]}},"_links":{"self":[{"href":"https:\/\/www.nou.yakayazilim.com.tr\/index.php\/wp-json\/wp\/v2\/pages\/11"}],"collection":[{"href":"https:\/\/www.nou.yakayazilim.com.tr\/index.php\/wp-json\/wp\/v2\/pages"}],"about":[{"href":"https:\/\/www.nou.yakayazilim.com.tr\/index.php\/wp-json\/wp\/v2\/types\/page"}],"author":[{"embeddable":true,"href":"https:\/\/www.nou.yakayazilim.com.tr\/index.php\/wp-json\/wp\/v2\/users\/1"}],"replies":[{"embeddable":true,"href":"https:\/\/www.nou.yakayazilim.com.tr\/index.php\/wp-json\/wp\/v2\/comments?post=11"}],"version-history":[{"count":0,"href":"https:\/\/www.nou.yakayazilim.com.tr\/index.php\/wp-json\/wp\/v2\/pages\/11\/revisions"}],"wp:attachment":[{"href":"https:\/\/www.nou.yakayazilim.com.tr\/index.php\/wp-json\/wp\/v2\/media?parent=11"}],"curies":[{"name":"wp","href":"https:\/\/api.w.org\/{rel}","templated":true}]}}